f 165 and 703593?
33
What is the greatest common factor of 7781 and 461087?
251
What is the highest common divisor of 452236 and 677?
677
Calculate the highest common divisor of 11 and 1417834.
11
What is the highest common factor of 9520 and 48?
16
Calculate the highest common divisor of 18 and 630138.
6
What is the highest common divisor of 357456 and 22?
22
What is the greatest common divisor of 22 and 356818?
22
What is the highest common divisor of 15368 and 38759?
113
What is the greatest common factor of 50250 and 15410?
670
What is the greatest common factor of 164456 and 488?
488
Calculate the highest common divisor of 1435 and 1196995.
205
What is the greatest common factor of 2495 and 995?
5
Calculate the highest common divisor of 55251 and 504.
63
What is the highest common factor of 150 and 8922?
6
What is the greatest common divisor of 338 and 3016?
26
Calculate the highest common divisor of 400426 and 26.
26
Calculate the greatest common factor of 661184 and 64.
64
Calculate the highest common divisor of 11259812 and 146.
146
Calculate the greatest common divisor of 110293 and 2491.
53
What is the greatest common factor of 64 and 17644?
4
Calculate the highest common divisor of 1784219 and 59.
59
What is the greatest common factor of 594 and 1188176?
22
What is the highest common factor of 12230 and 20?
10
Calculate the highest common divisor of 2011 and 5.
1
What is the highest common divisor of 78703 and 2321?
211
Calculate the greatest common divisor of 62 and 67084.
62
What is the greatest common divisor of 18051 and 132?
33
Calculate the highest common divisor of 23681 and 6426.
119
Calculate the greatest common divisor of 1254 and 303666.
66
What is the greatest common factor of 74035 and 335?
335
What is the greatest common divisor of 3879 and 15947?
431
Calculate the greatest common divisor of 62407 and 595.
17
Calculate the highest common factor of 7400 and 7300.
100
Calculate the highest common divisor of 188232 and 496.
248
What is the greatest common divisor of 691 and 4902645?
691
What is the greatest common factor of 3546 and 389469?
591
Calculate the greatest common factor of 441 and 68895.
9
What is the highest common divisor of 232761 and 3?
3
Calculate the highest common divisor of 75 and 104880.
15
Calculate the highest common factor of 138 and 95289.
69
Calculate the greatest common factor of 2555 and 595.
35
What is the highest common factor of 507 and 16939?
13
What is the greatest common factor of 33540 and 22919?
559
Calculate the greatest common factor of 121437 and 99.
9
Calculate the greatest common factor of 234368 and 4.
4
What is the highest common divisor of 8457 and 3?
3
What is the greatest common factor of 10008 and 2085?
417
What is the highest common factor of 1236 and 140664?
12
What is the greatest common divisor of 21 and 673071?
21
Calculate the highest common factor of 400 and 33725.
25
Calculate the highest common factor of 105 and 72723.
21
Calculate the greatest common divisor of 176120 and 340.
340
Calculate the greatest common divisor of 13041 and 27.
27
What is the highest common divisor of 339900 and 33?
33
What is the highest common divisor of 144 and 54064?
16
What is the highest common factor of 43 and 1641869?
43
Calculate the greatest common factor of 766585 and 278.
139
Calculate the greatest common divisor of 41615 and 116.
29
Calculate the highest common divisor of 3420 and 340.
20
Calculate the highest common factor of 4866 and 2142662.
1622
Calculate the greatest common divisor of 506 and 274516.
22
Calculate the greatest common divisor of 43 and 12212.
43
Calculate the greatest common factor of 2154481 and 196.
49
What is the highest common factor of 1939 and 25761?
277
Calculate the greatest common factor of 33 and 2959.
11
Calculate the greatest common divisor of 10 and 185305.
5
Calculate the greatest common factor of 798 and 707294.
266
Calculate the greatest common divisor of 300545 and 5890.
155
What is the greatest common factor of 104 and 575068?
52
Calculate the highest common factor of 5731 and 121.
11
What is the greatest common factor of 134 and 2654?
2
What is the highest common factor of 370128 and 352?
176
Calculate the highest common factor of 2345 and 12880.
35
Calculate the greatest common divisor of 420 and 12260.
20
Calculate the greatest common divisor of 1755 and 1487655.
585
Calculate the highest common factor of 332842 and 437.
19
Calculate the highest common factor of 108 and 13236.
12
What is the greatest common factor of 42500 and 476?
68
Calculate the greatest common factor of 386217 and 117.
117
Calculate the highest common divisor of 23103 and 85.
17
Calculate the greatest common factor of 1771354 and 579.
193
Calculate the greatest common factor of 279476 and 3161.
109
Calculate the greatest common factor of 183293 and 209.
209
What is the greatest common factor of 2865 and 1246848?
573
What is the greatest common factor of 225 and 657600?
75
Calculate the highest common divisor of 310 and 10478.
62
What is the greatest common divisor of 2783 and 3036?
253
Calculate the highest common divisor of 10974 and 186.
186
Calculate the greatest common divisor of 92450 and 2900.
50
What is the highest common factor of 12 and 154788?
12
What is the greatest common divisor of 620588 and 4324?
188
Calculate the highest common divisor of 6208 and 67200.
64
Calculate the greatest common factor of 1791 and 12618.
9
What is the highest common factor of 2379 and 858?
39
Calculate the greatest common factor of 884 and 10217.
17
What is the greatest common factor of 2825 and 965?
5
Calculate the highest common divisor of 44336 and 29177.
163
What is the highest common factor of 627 and 788766?
627
What is the greatest common factor of 8775 and 837?
27
What is the highest common divisor of 2380675 and 15?
5
What is the greatest common divisor of 14739 and 97971?
867
What is the greatest common divisor of 1517770 and 460?
230
What is the highest common divisor of 3080660 and 95?
95
What is the greatest common divisor of 484830 and 90?
90
Calculate the highest common factor of 146076 and 48.
12
Calculate the highest common factor of 154 and 118202.
14
What is the highest common divisor of 5712 and 75616?
272
What is the highest common divisor of 3407375 and 125?
125
Calculate the highest common factor of 49901 and 1795.
359
What is the greatest common divisor of 1084 and 142?
2
Calculate the greatest common factor of 2889 and 2247.
321
What is the greatest common divisor of 2976 and 37776?
48
Calculate the greatest common factor of 23696 and 48.
16
What is the greatest common factor of 136 and 1408?
8
Calculate the greatest common divisor of 79260 and 290.
10
Calculate the highest common factor of 20913 and 9.
3
Calculate the highest common divisor of 359 and 4.
1
Calculate the greatest common divisor of 70 and 3955.
35
What is the highest common divisor of 114 and 457425?
57
What is the highest common factor of 274 and 1664550?
274
Calculate the highest common factor of 1348 and 79.
1
Calculate the greatest common divisor of 27 and 14169.
3
Calculate the highest common factor of 303335 and 465.
155
Calculate the greatest common divisor of 42 and 84672.
42
Calculate the highest common factor of 610 and 1370.
10
What is the highest common divisor of 7059 and 39?
39
What is the highest common factor of 85 and 638095?
85
Calculate the highest common divisor of 4928 and 45760.
704
What is the greatest common factor of 2114825 and 20?
5
Calculate the greatest common divisor of 1935165 and 15.
15
Calculate the greatest common divisor of 18 and 86292.
18
Calculate the greatest common factor of 7892621 and 11.
11
Calculate the greatest common factor of 48258 and 504.
126
What is the highest common factor of 343872 and 398?
398
Calculate the greatest common divisor of 2640 and 474265.
55
Calculate the greatest common factor of 9 and 20572614.
9
What is the highest common factor of 109115 and 278?
139
Calculate the greatest common factor of 49864 and 8.
8
Calculate the greatest common divisor of 42367 and 26.
13
What is the highest common factor of 1666 and 81872?
238
What is the greatest common factor of 5402 and 2044?
146
Calculate the highest common factor of 384 